 l(3). Is (-6)/t - (-846)/10 a prime number?
False
Let n = -574 + 993. Is n a prime number?
True
Is (1 - 3)/((-10)/2465) composite?
True
Let j(k) be the second derivative of -3*k**5/4 - k**4/6 - k**3/6 - k**2/2 - 2*k. Is j(-2) composite?
False
Let q(d) = -d**2 - d + 49. Let g = -4 - -4. Suppose 4*j - j = g. Is q(j) a composite number?
True
Let b be 48384/45 + 2/(-10). Suppose b = 4*h + 15. Is h a prime number?
False
Let y(i) = i**2 + i + 19. Let r be y(0). Suppose -4*k + 48 = -2*k. Suppose -s = -r - k. Is s a composite number?
False
Let v = 5 - 3. Suppose -3*j + v*j + 65 = 0. Suppose -j = 3*d - 266. Is d composite?
False
Suppose -18 - 27 = 3*x. Let i be 5*-6*(-2)/x. Is (-2)/(-1)*(-6)/i a prime number?
True
Suppose -3*m = 2*n - 2930, -2*n - m + 4*m = -2954. Is n a composite number?
False
Let m = -1 + -1. Let i be -2 - 0/m - 0. Is (-3)/(i*(-1)/(-10)) composite?
True
Suppose 0*p - 2*p = 4*g - 2140, 0 = p - 4. Is g a prime number?
False
Let f = -9 + 10. Is (12 - f)*4/4 composite?
False
Let m(w) be the second derivative of -w**3/6 + 3*w**2/2 + 2*w. Let r be m(0). Suppose 0 = -5*p + 3*t + 117, 0 = -r*p - 2*t + 30 + 25. Is p composite?
True
Let t(q) = 7*q**3 + 3*q**2 + 7*q. Let z(m) = 3*m**3 + 2*m**2 + 4*m. Let a(j) = -4*t(j) + 9*z(j). Let v be a(7). Is v/35 + (-109)/(-5) a composite number?
True
Let z(k) be the second derivative of -k**3/6 - 3*k**2/2 + 2*k. Let s be z(-9). Suppose -c = h - 22, s*h - 3*h = 2*c - 59. Is c prime?
False
Let r be -2*3/6*-102. Let k = r - 28. Is k a composite number?
True
Suppose 4 = -4*t - 0. Let z = 4 + t. Suppose -z*g - 2*g = -185. Is g prime?
True
Let k = -134 - -202. Suppose 0 = -n + 2*f + f + k, -f = -3. Is n prime?
False
Suppose -7 = 4*d + 4*x + 13, 5*d + 7 = x. Let j be -2 + 0 + 2 + -5. Is (249 - j)/(d/(-1)) a prime number?
True
Suppose -2*w + 936 + 1262 = 0. Is w a composite number?
True
Let i(f) be the second derivative of -f**3/6 + f**2 + 2*f. Let k(a) = 1. Let c(y) = -i(y) + 3*k(y). Is c(3) a prime number?
False
Let c(j) = -7*j**3 - 6*j**2 - 2*j + 4. Is c(-3) a prime number?
False
Let u(a) = -128*a - 1. Let m be u(-8). Is m/5 + (-10)/(-25) composite?
True
Suppose 5*r = -454 + 1769. Is r a composite number?
False
Suppose -42*z + 46*z - 5380 = 0. Is z composite?
True
Let i be 0 + (247 - 2) + 0. Suppose 4*d = -d + i. Is d a composite number?
True
Suppose 3*p = 4*y - 2*p - 16, -2*y - 5*p - 22 = 0. Is 3*74/(-6)*y prime?
True
Suppose 0 = 2*h - 0*w + 2*w + 2, 2*w = 4*h - 14. Let d(j) = 7*j**h + 8*j**2 - 6*j - 6 - 7*j**2 + j. Is d(5) composite?
True
Suppose 3*s = -h + 2*s + 481, h + 2*s - 484 = 0. Is h a composite number?
True
Suppose -y - 3*f + 508 = -136, 4*f = 5*y - 3163. Is y prime?
False
Let v(n) = 31*n + 11. Is v(8) prime?
False
Let w(o) = 10*o**2 + 5*o - 2. Is w(-5) prime?
True
Let q be 1 - -7 - (1 + 2). Suppose f + 3*f = 2032. Suppose -q*b + b = -f. Is b prime?
True
Let p(o) be the second derivative of 4*o**3/3 - 7*o**2/2 + 2*o. Is p(7) prime?
False
Is ((-10)/2 - -2) + 446 prime?
True
Is (42588/(-30))/(-2) - 12/15 composite?
False
Suppose 725 = -3*g + w, g - 2*w + 263 = -7*w. Is -6 - -4 - g/3 composite?
False
Suppose 5*w - 405 = 4*w. Suppose -w = -v - 2*d, -v - 3*v + 1580 = -2*d. Is v prime?
True
Let w(m) = 134*m**2 + 2*m + 1. Suppose r - 1 = -2. Is w(r) a prime number?
False
Suppose 0*z + o = z - 253, 2*z - 5*o - 506 = 0. Is z a composite number?
True
Let o(h) be the first derivative of -3/2*h**2 - 3 - 5*h. Is o(-9) composite?
True
Suppose 16 = l - 5*l. Is 508 + (-2 - (l - -1)) prime?
True
Is (-9 - -29) + (-2)/(-2) composite?
True
Suppose -a - 23 = -2*a. Let n be 14/49 - 584/(-14). Let u = n - a. Is u a prime number?
True
Let z = 18 - 6. Let l = z + 45. Is l composite?
True
Let y = -415 + 606. Is y a prime number?
True
Let a(z) = -2*z**2 + 2*z + 3. Let l be a(-2). Let s = l + 46. Is s composite?
False
Suppose -4*o - 5*l = -222, 5*o - 269 = 4*l - 6*l. Is o prime?
True
Suppose 2*p - 8 = 2. Suppose -g - 4*m - 1 = 4, 0 = -3*g + p*m + 19. Suppose 8 = k + 3*o, -o - 44 + 0 = -g*k. Is k a prime number?
False
Let m be ((-25)/10)/((-1)/(-2)). Suppose 2*v = -5*c - 23, v + v + 47 = 3*c. Let j = m - v. Is j a prime number?
False
Is 537/6 - (-6)/(-12) prime?
True
Suppose 3*q - 5*h = -0*q + 9327, 5*q = 2*h + 15545. Is q a prime number?
True
Suppose -x + 70 - 7 = 3*p, 4*p - 84 = x. Is p prime?
False
Let b = -1 + 4. Suppose -b*c + 218 = c + 2*v, -4*c = -3*v - 203. Is c prime?
True
Let k(y) = 20*y**2 - 1. Is k(1) a composite number?
False
Suppose -3*i - 2294 = -10235. Is i prime?
True
Suppose 2*f - 2 = -0*f, 5*w = 2*f - 192. Is 2/((-1)/(w/4)) prime?
True
Is 251 + 1 - ((0 - -1) + 0) a prime number?
True
Let z(q) be the second derivative of q**8/3360 + q**7/630 - q**6/240 - q**5/30 + q**4/6 + q. Let p(v) be the third derivative of z(v). Is p(3) a prime number?
False
Let j(q) = 96*q + 1. Is j(3) a composite number?
True
Let o(y) = -y - 8. Let f be o(-10). Suppose 2*x = 7*x - 10. Suppose -z - 4 = 2*n, 5*z - 2 = -f*n + x. Is z composite?
False
Let f = 97 + -245. Let h = f + 359. Is h prime?
True
Let d be 172/(-6)*(-4 + 1). Suppose -d = -3*w + 175. Is w a composite number?
True
Suppose -r + 3692 = 2*r + b, -b - 1224 = -r. Is r composite?
False
Is ((0 - 3) + -1)*(-1814)/8 a prime number?
True
Let v = -28 - -38. Is v a prime number?
False
Suppose -4*d = -d - 6. Let y be (2 + -2 + 0)/d. Suppose 0 = -2*i - y + 86. Is i a composite number?
False
Let c = 2114 - 571. Is c a composite number?
False
Let q(x) = -x + 6. Let s be q(4). Suppose -s*a + 4*r = -594, -a - 5*r + 0*r + 290 = 0. Is a a composite number?
True
Let j(v) = -4 + 3*v**2 - v + 13*v**3 - 4 + 9. Is j(2) prime?
False
Let j(i) = 2*i**3 - 19*i**2 + 14*i - 9. Is j(12) prime?
False
Let a = 1 + -1. Suppose -205 = -0*s - s + 3*d, -2*s - 2*d + 426 = a. Is s a prime number?
True
Let m(q) = 105*q - 1. Let n be m(-2). Is -3 + 3 + 0 - n a composite number?
False
Let j(g) = 3*g**2 + 2*g - 2. Let w be j(1). Suppose -2*l - i + 150 = -278, w*l - 642 = -4*i. Is l composite?
True
Let x(h) = -2*h**2 + h - 2. Let w be x(-3). Let s = w - -56. Is s a composite number?
True
Let g(h) = 0*h - 1 - 3*h + 3 + 67*h**2. Let f be g(2). Let c = f - 167. Is c a prime number?
True
Suppose 0 = 4*b - 8*b + 8, -4*a + 24 = 4*b. Suppose -3*d - 94 = -a*o, 2*o + 4*d - 58 = -0*o. Is o a prime number?
False
Let k(t) = 133*t. Is k(1) composite?
True
Suppose 3*v - v - 26 = 4*u, v + 17 = -3*u. Let q = -3 - u. Is q a prime number?
True
Suppose 2*t + 2*r - 16 = 0, -t - 2*t + 2*r = -9. Suppose -275 = -t*a - 0*a. Is a composite?
True
Suppose -2*d + v + 4752 - 423 = 0, v = 3*d - 6494. Is d composite?
True
Let o be (-1)/(-2) - 2/4. Suppose 0 = c - 5*w - 232, o = c - 0*w - 2*w - 247. Is c prime?
True
Suppose 71 = w + 2*s, w + 3*s - 80 = -9. Is w composite?
False
Suppose 5*q + 2*m - 277 = 2*q, 0 = q + 2*m - 95. Is q prime?
False
Let d(c) = 0*c**2 + c + 0*c + 3 - c**3 - 3*c**2. Is d(-4) a prime number?
False
Let f(x) = -x**3 + 5*x**2 - 4*x. Let l be f(4). Suppose l*z = 3*z - 6. Suppose 5*p - 64 = -4*a, 2*a = -z*a - 4*p + 60. Is a a composite number?
False
Let o(a) = 118*a**2 - a. Is o(-1) a prime number?
False
Let i = 604 + -225. Is i a composite number?
False
Let c be ((-6)/(-4))/(4/8). Let r(s) = -s**3 + 4*s**2 - 2*s - 1. Let d be r(3). Suppose -d*k - c*k = -185. Is k a composite number?
False
Let r(a) = -25*a + 27. Is r(-4) composite?
False
Let m = -388 - -925. Is m prime?
False
Is (12/(-10))/((-2)/205) prime?
False
Let w(k) = -20*k + 5. Let b(t) = -t**3 - 7*t**2 + t + 3. Let j be b(-7). Is w(j) prime?
False
Let r(j) = -j**3 + j + 185. Suppose 5*y = -y. Is r(y) composite?
True
Suppose 4*n + h + 0*h - 345 = 0, 0 = -2*h - 6. Suppose n = -3*g + 354. Is g prime?
True
Let r = -6 - -8. Suppose r*l = l - m - 1, -l = -3*m - 15. Suppose -2*n - 23 = -4*n - l*x, -4*x + 24 = n. Is n a prime number?
False
Suppose 4*d - 130 - 18 = 0. Is d a prime number?
True
Suppose 2*g - 3 = 3. Suppose -g*v + 4 = -5. Is 2*(v + 0) + 1 prime?
True
Let r be (4/(-5))/(4/(-230)). Suppose -86 - r = -4*q. Is q a composite number?
True
Suppose 5*l - 30 = -5*b, 2*l - 5*b = -2 - 0. Let a(i) = 2*i**3 - 4*i**2 - 3*i + 1. Is a(l) prime?
True
Let v = -77 - -247. Suppose -b + 5*d + 38 = 8, 5*d + v = 5*b. Is b a prime number?
False
Suppose 174 = 2*f + f. Suppose -4*r 